{"id":798,"date":"2025-02-22T01:56:44","date_gmt":"2025-02-22T00:56:44","guid":{"rendered":"https:\/?page_id=798"},"modified":"2025-03-25T01:57:37","modified_gmt":"2025-03-25T00:57:37","slug":"798-2","status":"publish","type":"page","link":"https:\/\/alfonsogiron.com\/index.php\/798-2\/","title":{"rendered":"ESTUDIO"},"content":{"rendered":"<p>[et_pb_section fb_built=\u00bb1&#8243; _builder_version=\u00bb4.27.4&#8243; _module_preset=\u00bbdefault\u00bb global_colors_info=\u00bb{}\u00bb][et_pb_row column_structure=\u00bb1_3,2_3&#8243; use_custom_gutter=\u00bbon\u00bb gutter_width=\u00bb1&#8243; make_equal=\u00bbon\u00bb _builder_version=\u00bb4.27.4&#8243; _module_preset=\u00bbdefault\u00bb width=\u00bb100%\u00bb max_width=\u00bb100%\u00bb height=\u00bb450px\u00bb height_tablet=\u00bb470px\u00bb height_phone=\u00bb314px\u00bb height_last_edited=\u00bbon|phone\u00bb max_height_tablet=\u00bb454px\u00bb max_height_phone=\u00bb454px\u00bb max_height_last_edited=\u00bbon|desktop\u00bb custom_margin=\u00bb||0px||false|false\u00bb custom_margin_tablet=\u00bb||0px||false|false\u00bb custom_margin_phone=\u00bb||-13px||false|false\u00bb custom_margin_last_edited=\u00bbon|desktop\u00bb custom_padding=\u00bb0px|0px|0px||false|false\u00bb global_colors_info=\u00bb{}\u00bb][et_pb_column type=\u00bb1_3&#8243; _builder_version=\u00bb4.27.4&#8243; _module_preset=\u00bbdefault\u00bb background_color=\u00bbgcid-3bd9718c-727c-431a-b565-ce952df83509&#8243; custom_padding=\u00bb37px|40px||40px|false|false\u00bb custom_padding_tablet=\u00bb50px|0px|28px|80px|false|false\u00bb custom_padding_phone=\u00bb|||38px|false|false\u00bb custom_padding_last_edited=\u00bbon|phone\u00bb global_colors_info=\u00bb{%22gcid-3bd9718c-727c-431a-b565-ce952df83509%22:%91%22background_color%22%93}\u00bb][et_pb_image src=\u00bbhttps:\/\/alfonsogiron.com\/wp-content\/uploads\/2025\/01\/LOGO-WEB-estudio_TRANSP.png\u00bb title_text=\u00bbLOGO WEB estudio_TRANSP\u00bb show_bottom_space=\u00bboff\u00bb _builder_version=\u00bb4.27.4&#8243; _module_preset=\u00bbdefault\u00bb width=\u00bb200px\u00bb width_tablet=\u00bb317px\u00bb width_phone=\u00bb317px\u00bb width_last_edited=\u00bbon|phone\u00bb max_width=\u00bb146%\u00bb max_width_tablet=\u00bb146%\u00bb max_width_phone=\u00bb35%\u00bb max_width_last_edited=\u00bbon|phone\u00bb custom_margin=\u00bb-24px||8px||false|false\u00bb custom_padding=\u00bb||||false|false\u00bb global_colors_info=\u00bb{}\u00bb width__hover_enabled=\u00bboff|desktop\u00bb][\/et_pb_image][et_pb_heading title=\u00bbARQUITECTURA Y ESPACIOS \/\u00bb _builder_version=\u00bb4.27.4&#8243; _module_preset=\u00bbdefault\u00bb title_font=\u00bbOswald|||on|||||\u00bb title_text_align=\u00bbright\u00bb title_text_color=\u00bbgcid-3e279583-843c-4850-ba01-f417812ac450&#8243; title_font_size=\u00bb31px\u00bb title_letter_spacing=\u00bb-1px\u00bb custom_margin=\u00bb-5px|42px|-22px|||\u00bb custom_padding=\u00bb19px||2px||false|false\u00bb custom_padding_tablet=\u00bb26px||||false|false\u00bb custom_padding_phone=\u00bb10px||||false|false\u00bb custom_padding_last_edited=\u00bbon|phone\u00bb global_colors_info=\u00bb{%22gcid-3e279583-843c-4850-ba01-f417812ac450%22:%91%22title_text_color%22%93}\u00bb][\/et_pb_heading][et_pb_heading title=\u00bbVISUALIZACI\u00d3N \/\u00bb _builder_version=\u00bb4.27.4&#8243; _module_preset=\u00bbdefault\u00bb title_font=\u00bbOswald|||on|||||\u00bb title_text_align=\u00bbright\u00bb title_text_color=\u00bbgcid-3e279583-843c-4850-ba01-f417812ac450&#8243; title_font_size=\u00bb31px\u00bb title_letter_spacing=\u00bb-1px\u00bb custom_margin=\u00bb-5px||-32px|||\u00bb custom_padding=\u00bb21px|43px|2px||false|false\u00bb custom_padding_tablet=\u00bb26px||||false|false\u00bb custom_padding_phone=\u00bb10px||||false|false\u00bb custom_padding_last_edited=\u00bbon|phone\u00bb global_colors_info=\u00bb{%22gcid-3e279583-843c-4850-ba01-f417812ac450%22:%91%22title_text_color%22%93}\u00bb][\/et_pb_heading][et_pb_heading title=\u00bbCONCEPT DESIGN \/\u00bb _builder_version=\u00bb4.27.4&#8243; _module_preset=\u00bbdefault\u00bb title_font=\u00bbOswald|||on|||||\u00bb title_text_align=\u00bbright\u00bb title_text_color=\u00bbgcid-3e279583-843c-4850-ba01-f417812ac450&#8243; title_font_size=\u00bb31px\u00bb title_letter_spacing=\u00bb-1px\u00bb custom_margin=\u00bb7px||-32px|||\u00bb custom_padding=\u00bb21px|43px|2px||false|false\u00bb custom_padding_tablet=\u00bb26px||||false|false\u00bb custom_padding_phone=\u00bb10px||||false|false\u00bb custom_padding_last_edited=\u00bbon|phone\u00bb global_colors_info=\u00bb{%22gcid-3e279583-843c-4850-ba01-f417812ac450%22:%91%22title_text_color%22%93}\u00bb][\/et_pb_heading][et_pb_heading title=\u00bbOBJETO Y PRODUCTO \/\u00bb _builder_version=\u00bb4.27.4&#8243; _module_preset=\u00bbdefault\u00bb title_font=\u00bbOswald|||on|||||\u00bb title_text_align=\u00bbright\u00bb title_text_color=\u00bbgcid-3e279583-843c-4850-ba01-f417812ac450&#8243; title_font_size=\u00bb31px\u00bb title_letter_spacing=\u00bb-1px\u00bb min_height=\u00bb59px\u00bb custom_margin=\u00bb-5px||-28px|||\u00bb custom_padding=\u00bb28px|44px|2px||false|false\u00bb custom_padding_tablet=\u00bb26px||||false|false\u00bb custom_padding_phone=\u00bb10px||||false|false\u00bb custom_padding_last_edited=\u00bbon|phone\u00bb global_colors_info=\u00bb{%22gcid-3e279583-843c-4850-ba01-f417812ac450%22:%91%22title_text_color%22%93}\u00bb][\/et_pb_heading][et_pb_heading title=\u00bbMUSEOGRAF\u00cdA \/ DISE\u00d1O EXPOSITIVO \/\u00bb _builder_version=\u00bb4.27.4&#8243; _module_preset=\u00bbdefault\u00bb title_font=\u00bbOswald|||on|||||\u00bb title_text_align=\u00bbright\u00bb title_text_color=\u00bbgcid-3e279583-843c-4850-ba01-f417812ac450&#8243; title_font_size=\u00bb31px\u00bb title_letter_spacing=\u00bb-1px\u00bb custom_margin=\u00bb-5px|||||\u00bb custom_padding=\u00bb26px|42px|2px||false|false\u00bb custom_padding_tablet=\u00bb26px||||false|false\u00bb custom_padding_phone=\u00bb10px||||false|false\u00bb custom_padding_last_edited=\u00bbon|phone\u00bb global_colors_info=\u00bb{%22gcid-3e279583-843c-4850-ba01-f417812ac450%22:%91%22title_text_color%22%93}\u00bb][\/et_pb_heading][\/et_pb_column][et_pb_column type=\u00bb2_3&#8243; _builder_version=\u00bb4.27.0&#8243; _module_preset=\u00bbdefault\u00bb global_colors_info=\u00bb{}\u00bb][et_pb_slider _builder_version=\u00bb4.27.4&#8243; _module_preset=\u00bbbe2638d8-bc46-478c-bb0c-e62bdf2e3ada\u00bb hover_enabled=\u00bb0&#8243; global_colors_info=\u00bb{}\u00bb sticky_enabled=\u00bb0&#8243;][et_pb_slide use_text_overlay=\u00bboff\u00bb _builder_version=\u00bb4.27.4&#8243; _module_preset=\u00bbdefault\u00bb background_color=\u00bbRGBA(255,255,255,0)\u00bb background_enable_color=\u00bbon\u00bb background_image=\u00bbhttps:\/\/alfonsogiron.com\/wp-content\/uploads\/2024\/09\/FOTO_SLIDER_ESTUDIO-02.jpg\u00bb background_enable_image=\u00bbon\u00bb width=\u00bb100%\u00bb max_width=\u00bb100%\u00bb custom_padding=\u00bb||||false|false\u00bb global_colors_info=\u00bb{}\u00bb sticky_transition=\u00bbon\u00bb][\/et_pb_slide][et_pb_slide use_text_overlay=\u00bboff\u00bb _builder_version=\u00bb4.27.4&#8243; _module_preset=\u00bbdefault\u00bb background_color=\u00bbRGBA(255,255,255,0)\u00bb background_enable_color=\u00bbon\u00bb background_image=\u00bbhttps:\/\/alfonsogiron.com\/wp-content\/uploads\/2025\/02\/SLIDER-ESTUDIO-AG_04.jpg\u00bb background_enable_image=\u00bbon\u00bb width=\u00bb100%\u00bb max_width=\u00bb100%\u00bb custom_padding=\u00bb||||false|false\u00bb global_colors_info=\u00bb{}\u00bb sticky_transition=\u00bbon\u00bb][\/et_pb_slide][et_pb_slide use_text_overlay=\u00bboff\u00bb _builder_version=\u00bb4.27.4&#8243; _module_preset=\u00bbdefault\u00bb background_color=\u00bbRGBA(255,255,255,0)\u00bb background_enable_color=\u00bbon\u00bb background_image=\u00bbhttps:\/\/alfonsogiron.com\/wp-content\/uploads\/2025\/02\/SLIDER-ESTUDIO-ALFONSO-GIRON-CONCEPT-MNEV-06.jpg\u00bb background_enable_image=\u00bbon\u00bb width=\u00bb100%\u00bb max_width=\u00bb100%\u00bb custom_padding=\u00bb||||false|false\u00bb global_colors_info=\u00bb{}\u00bb sticky_transition=\u00bbon\u00bb][\/et_pb_slide][et_pb_slide use_text_overlay=\u00bboff\u00bb _builder_version=\u00bb4.27.4&#8243; _module_preset=\u00bbdefault\u00bb background_color=\u00bbRGBA(255,255,255,0)\u00bb background_enable_color=\u00bbon\u00bb background_image=\u00bbhttps:\/\/alfonsogiron.com\/wp-content\/uploads\/2025\/02\/SLIDER-ESTUDIO-AG_03.jpg\u00bb background_enable_image=\u00bbon\u00bb width=\u00bb100%\u00bb max_width=\u00bb100%\u00bb custom_padding=\u00bb||||false|false\u00bb global_colors_info=\u00bb{}\u00bb sticky_transition=\u00bbon\u00bb][\/et_pb_slide][et_pb_slide use_text_overlay=\u00bboff\u00bb _builder_version=\u00bb4.27.4&#8243; _module_preset=\u00bbdefault\u00bb background_color=\u00bbRGBA(255,255,255,0)\u00bb background_enable_color=\u00bbon\u00bb background_image=\u00bbhttps:\/\/alfonsogiron.com\/wp-content\/uploads\/2025\/02\/SLIDER-ESTUDIO-AG_15.jpg\u00bb background_enable_image=\u00bbon\u00bb width=\u00bb100%\u00bb max_width=\u00bb100%\u00bb custom_padding=\u00bb||||false|false\u00bb global_colors_info=\u00bb{}\u00bb sticky_transition=\u00bbon\u00bb][\/et_pb_slide][et_pb_slide use_text_overlay=\u00bboff\u00bb _builder_version=\u00bb4.27.4&#8243; _module_preset=\u00bbdefault\u00bb background_color=\u00bbRGBA(255,255,255,0)\u00bb background_enable_color=\u00bbon\u00bb background_image=\u00bbhttps:\/\/alfonsogiron.com\/wp-content\/uploads\/2024\/09\/FOTO_SLIDER_GR-03.jpg\u00bb background_enable_image=\u00bbon\u00bb width=\u00bb100%\u00bb max_width=\u00bb100%\u00bb custom_padding=\u00bb||||false|false\u00bb global_colors_info=\u00bb{}\u00bb sticky_transition=\u00bbon\u00bb][\/et_pb_slide][et_pb_slide use_text_overlay=\u00bboff\u00bb _builder_version=\u00bb4.27.4&#8243; _module_preset=\u00bbdefault\u00bb background_color=\u00bbRGBA(255,255,255,0)\u00bb background_enable_color=\u00bbon\u00bb background_image=\u00bbhttps:\/\/alfonsogiron.com\/wp-content\/uploads\/2025\/02\/ESTUDIO-AG_STUDIO-MENORCA-031.jpg\u00bb background_enable_image=\u00bbon\u00bb width=\u00bb100%\u00bb max_width=\u00bb100%\u00bb custom_padding=\u00bb||||false|false\u00bb global_colors_info=\u00bb{}\u00bb sticky_transition=\u00bbon\u00bb][\/et_pb_slide][et_pb_slide use_text_overlay=\u00bboff\u00bb _builder_version=\u00bb4.27.4&#8243; _module_preset=\u00bbdefault\u00bb background_color=\u00bbRGBA(255,255,255,0)\u00bb background_enable_color=\u00bbon\u00bb background_image=\u00bbhttps:\/\/alfonsogiron.com\/wp-content\/uploads\/2025\/02\/SLIDER-ESTUDIO-AG_10.jpg\u00bb background_enable_image=\u00bbon\u00bb width=\u00bb100%\u00bb max_width=\u00bb100%\u00bb custom_padding=\u00bb||||false|false\u00bb global_colors_info=\u00bb{}\u00bb sticky_transition=\u00bbon\u00bb][\/et_pb_slide][et_pb_slide use_text_overlay=\u00bboff\u00bb _builder_version=\u00bb4.27.4&#8243; _module_preset=\u00bbdefault\u00bb background_color=\u00bbRGBA(255,255,255,0)\u00bb background_enable_color=\u00bbon\u00bb background_image=\u00bbhttps:\/\/alfonsogiron.com\/wp-content\/uploads\/2025\/02\/SLIDER-ESTUDIO-AG_02.jpg\u00bb background_enable_image=\u00bbon\u00bb width=\u00bb100%\u00bb max_width=\u00bb100%\u00bb custom_padding=\u00bb||||false|false\u00bb global_colors_info=\u00bb{}\u00bb sticky_transition=\u00bbon\u00bb][\/et_pb_slide][et_pb_slide use_text_overlay=\u00bboff\u00bb _builder_version=\u00bb4.27.4&#8243; _module_preset=\u00bbdefault\u00bb background_color=\u00bbRGBA(255,255,255,0)\u00bb background_enable_color=\u00bbon\u00bb background_image=\u00bbhttps:\/\/alfonsogiron.com\/wp-content\/uploads\/2025\/02\/SLIDER-ESTUDIO-AG_01.jpg\u00bb background_enable_image=\u00bbon\u00bb width=\u00bb100%\u00bb max_width=\u00bb100%\u00bb custom_padding=\u00bb||||false|false\u00bb global_colors_info=\u00bb{}\u00bb sticky_transition=\u00bbon\u00bb][\/et_pb_slide][et_pb_slide use_text_overlay=\u00bboff\u00bb _builder_version=\u00bb4.27.4&#8243; _module_preset=\u00bbdefault\u00bb background_color=\u00bbRGBA(255,255,255,0)\u00bb background_enable_color=\u00bbon\u00bb background_image=\u00bbhttp:\/\/alfonsogiron.com\/wp-content\/uploads\/2025\/03\/Alfonso-Giron-Estudio_The-Grafik-Remixer_DISENO-WEB-ILUSTRACION-NITTY-GRITTY.jpg\u00bb background_enable_image=\u00bbon\u00bb width=\u00bb100%\u00bb max_width=\u00bb100%\u00bb custom_padding=\u00bb||||false|false\u00bb hover_enabled=\u00bb0&#8243; global_colors_info=\u00bb{}\u00bb sticky_transition=\u00bbon\u00bb title_text=\u00bbAlfonso Gir\u00f3n Estudio_The Grafik Remixer_DISE\u00d1O WEB ILUSTRACI\u00d3N NITTY GRITTY\u00bb sticky_enabled=\u00bb0&#8243;][\/et_pb_slide][et_pb_slide use_text_overlay=\u00bboff\u00bb _builder_version=\u00bb4.27.4&#8243; _module_preset=\u00bbdefault\u00bb background_color=\u00bbRGBA(255,255,255,0)\u00bb background_enable_color=\u00bbon\u00bb background_image=\u00bbhttp:\/\/alfonsogiron.com\/wp-content\/uploads\/2025\/03\/GR-tablero-de-juego-vertical_MURAL-medidas-Participativo-Colegio-JT.jpg\u00bb background_enable_image=\u00bbon\u00bb width=\u00bb100%\u00bb max_width=\u00bb100%\u00bb custom_padding=\u00bb||||false|false\u00bb hover_enabled=\u00bb0&#8243; global_colors_info=\u00bb{}\u00bb sticky_transition=\u00bbon\u00bb title_text=\u00bbGR tablero de juego vertical_MURAL medidas Participativo Colegio JT\u00bb sticky_enabled=\u00bb0&#8243;][\/et_pb_slide][et_pb_slide use_text_overlay=\u00bboff\u00bb _builder_version=\u00bb4.27.4&#8243; _module_preset=\u00bbdefault\u00bb background_color=\u00bbRGBA(255,255,255,0)\u00bb background_enable_color=\u00bbon\u00bb background_image=\u00bbhttp:\/\/alfonsogiron.com\/wp-content\/uploads\/2025\/02\/SLIDER-ESTUDIO-AG_10.jpg\u00bb background_enable_image=\u00bbon\u00bb width=\u00bb100%\u00bb max_width=\u00bb100%\u00bb custom_padding=\u00bb||||false|false\u00bb hover_enabled=\u00bb0&#8243; global_colors_info=\u00bb{}\u00bb sticky_transition=\u00bbon\u00bb title_text=\u00bbSLIDER ESTUDIO AG_10&#8243; sticky_enabled=\u00bb0&#8243;][\/et_pb_slide][et_pb_slide use_text_overlay=\u00bboff\u00bb _builder_version=\u00bb4.27.4&#8243; _module_preset=\u00bbdefault\u00bb background_color=\u00bbRGBA(255,255,255,0)\u00bb background_enable_color=\u00bbon\u00bb background_image=\u00bbhttp:\/\/alfonsogiron.com\/wp-content\/uploads\/2025\/03\/ESTUDIO_VISTA-EXTERIOR-01.jpg\u00bb background_enable_image=\u00bbon\u00bb width=\u00bb100%\u00bb max_width=\u00bb100%\u00bb custom_padding=\u00bb||||false|false\u00bb hover_enabled=\u00bb0&#8243; global_colors_info=\u00bb{}\u00bb sticky_transition=\u00bbon\u00bb title_text=\u00bbESTUDIO_VISTA EXTERIOR 01&#8243; sticky_enabled=\u00bb0&#8243;][\/et_pb_slide][et_pb_slide use_text_overlay=\u00bboff\u00bb _builder_version=\u00bb4.27.4&#8243; _module_preset=\u00bbdefault\u00bb background_color=\u00bbRGBA(255,255,255,0)\u00bb background_enable_color=\u00bbon\u00bb background_image=\u00bbhttp:\/\/alfonsogiron.com\/wp-content\/uploads\/2025\/03\/ESTUDIO-AG_STUDIO-MENORCA-METROVACESA.jpg\u00bb background_enable_image=\u00bbon\u00bb width=\u00bb100%\u00bb max_width=\u00bb100%\u00bb custom_padding=\u00bb||||false|false\u00bb hover_enabled=\u00bb0&#8243; global_colors_info=\u00bb{}\u00bb sticky_transition=\u00bbon\u00bb title_text=\u00bbESTUDIO AG_STUDIO MENORCA METROVACESA\u00bb sticky_enabled=\u00bb0&#8243;][\/et_pb_slide][\/et_pb_slider][\/et_pb_column][\/et_pb_row][\/et_pb_section][et_pb_section fb_built=\u00bb1&#8243; _builder_version=\u00bb4.27.4&#8243; _module_preset=\u00bbdefault\u00bb custom_padding=\u00bb22px|||||\u00bb global_colors_info=\u00bb{}\u00bb][et_pb_row column_structure=\u00bb1_3,1_3,1_3&#8243; use_custom_gutter=\u00bbon\u00bb gutter_width=\u00bb2&#8243; make_equal=\u00bbon\u00bb _builder_version=\u00bb4.27.4&#8243; _module_preset=\u00bbdefault\u00bb width=\u00bb94%\u00bb max_width=\u00bb1548px\u00bb global_colors_info=\u00bb{}\u00bb][et_pb_column type=\u00bb1_3&#8243; _builder_version=\u00bb4.27.4&#8243; _module_preset=\u00bbdefault\u00bb global_colors_info=\u00bb{}\u00bb][et_pb_blurb title=\u00bbOUTSIDE\u00bb url=\u00bbhttps:\/\/alfonsogiron.com\/index.php\/estudio_outside\/\u00bb image_icon_background_color=\u00bb#727272&#8243; image=\u00bbhttp:\/\/alfonsogiron.com\/wp-content\/uploads\/2025\/02\/ESTUDIO-AG_STUDIO-MENORCA-031.jpg\u00bb image_icon_width=\u00bb129%\u00bb title_last_edited=\u00bboff|desktop\u00bb _builder_version=\u00bb4.27.4&#8243; _module_preset=\u00bbdefault\u00bb header_level=\u00bbh1&#8243; header_font=\u00bbOswald|500|||||||\u00bb header_text_align=\u00bbcenter\u00bb header_text_color=\u00bb#727272&#8243; text_orientation=\u00bbcenter\u00bb custom_padding=\u00bb||0px|||\u00bb border_color_all_image=\u00bb#727272&#8243; global_colors_info=\u00bb{}\u00bb]<\/p>\n<h1><\/h1>\n<p>[\/et_pb_blurb][et_pb_blurb title=\u00bbDETAIL\u00bb url=\u00bbhttps:\/\/alfonsogiron.com\/index.php\/1335-2\/\u00bb image_icon_background_color=\u00bb#727272&#8243; image=\u00bbhttp:\/\/alfonsogiron.com\/wp-content\/uploads\/2025\/02\/SLIDER-ESTUDIO-AG_03.jpg\u00bb image_icon_width=\u00bb129%\u00bb title_last_edited=\u00bboff|desktop\u00bb _builder_version=\u00bb4.27.4&#8243; _module_preset=\u00bbdefault\u00bb header_level=\u00bbh1&#8243; header_font=\u00bbOswald|500|||||||\u00bb header_text_align=\u00bbcenter\u00bb header_text_color=\u00bb#727272&#8243; text_orientation=\u00bbcenter\u00bb custom_padding=\u00bb||0px|||\u00bb border_color_all_image=\u00bb#727272&#8243; global_colors_info=\u00bb{}\u00bb]<\/p>\n<h1><\/h1>\n<p>[\/et_pb_blurb][\/et_pb_column][et_pb_column type=\u00bb1_3&#8243; _builder_version=\u00bb4.27.4&#8243; _module_preset=\u00bbdefault\u00bb global_colors_info=\u00bb{}\u00bb][et_pb_blurb title=\u00bbINSIDE\u00bb url=\u00bbhttps:\/\/alfonsogiron.com\/index.php\/estudio_inside\/\u00bb image_icon_background_color=\u00bb#727272&#8243; image=\u00bbhttp:\/\/alfonsogiron.com\/wp-content\/uploads\/2025\/02\/SLIDER-ESTUDIO-AG_02.jpg\u00bb image_icon_width=\u00bb129%\u00bb title_last_edited=\u00bboff|desktop\u00bb _builder_version=\u00bb4.27.4&#8243; _module_preset=\u00bbdefault\u00bb header_level=\u00bbh1&#8243; header_font=\u00bbOswald|500|||||||\u00bb header_text_align=\u00bbcenter\u00bb header_text_color=\u00bb#727272&#8243; text_orientation=\u00bbcenter\u00bb custom_padding=\u00bb||0px|||\u00bb border_color_all_image=\u00bb#727272&#8243; global_colors_info=\u00bb{}\u00bb]<\/p>\n<h1><\/h1>\n<p>[\/et_pb_blurb][et_pb_blurb title=\u00bbOBJETO Y PRODUCTO\u00bb url=\u00bbhttps:\/\/alfonsogiron.com\/index.php\/galeria_estudio_objeto\/\u00bb image_icon_background_color=\u00bb#727272&#8243; image=\u00bbhttp:\/\/alfonsogiron.com\/wp-content\/uploads\/2025\/02\/SLIDER-ESTUDIO-AG_09.jpg\u00bb image_icon_width=\u00bb129%\u00bb title_last_edited=\u00bboff|desktop\u00bb _builder_version=\u00bb4.27.4&#8243; _module_preset=\u00bbdefault\u00bb header_level=\u00bbh1&#8243; header_font=\u00bbOswald|500|||||||\u00bb header_text_align=\u00bbcenter\u00bb header_text_color=\u00bb#727272&#8243; text_orientation=\u00bbcenter\u00bb custom_padding=\u00bb||0px|||\u00bb border_color_all_image=\u00bb#727272&#8243; global_colors_info=\u00bb{}\u00bb]<\/p>\n<h1><\/h1>\n<p>[\/et_pb_blurb][\/et_pb_column][et_pb_column type=\u00bb1_3&#8243; _builder_version=\u00bb4.27.4&#8243; _module_preset=\u00bbdefault\u00bb global_colors_info=\u00bb{}\u00bb][et_pb_blurb title=\u00bbCONCEPT\u00bb url=\u00bbhttps:\/\/alfonsogiron.com\/index.php\/estudio_concept\/\u00bb image_icon_background_color=\u00bb#727272&#8243; image=\u00bbhttp:\/\/alfonsogiron.com\/wp-content\/uploads\/2025\/02\/SLIDER-ESTUDIO-ALFONSO-GIRON-CONCEPT-MNEV-06.jpg\u00bb image_icon_width=\u00bb129%\u00bb title_last_edited=\u00bboff|desktop\u00bb _builder_version=\u00bb4.27.4&#8243; _module_preset=\u00bbdefault\u00bb header_level=\u00bbh1&#8243; header_font=\u00bbOswald|500|||||||\u00bb header_text_align=\u00bbcenter\u00bb header_text_color=\u00bb#727272&#8243; text_orientation=\u00bbcenter\u00bb custom_padding=\u00bb||0px|||\u00bb border_color_all_image=\u00bb#727272&#8243; global_colors_info=\u00bb{}\u00bb]<\/p>\n<h1><\/h1>\n<p>[\/et_pb_blurb][et_pb_blurb title=\u00bbESPACIO EXPOSITIVO\u00bb url=\u00bbhttps:\/\/alfonsogiron.com\/index.php\/galeria_estudio_espacio-expositivo\/\u00bb image_icon_background_color=\u00bb#727272&#8243; image=\u00bbhttp:\/\/alfonsogiron.com\/wp-content\/uploads\/2025\/02\/SLIDER-ESTUDIO-AG_15.jpg\u00bb image_icon_width=\u00bb129%\u00bb title_last_edited=\u00bboff|desktop\u00bb _builder_version=\u00bb4.27.4&#8243; _module_preset=\u00bbdefault\u00bb header_level=\u00bbh1&#8243; header_font=\u00bbOswald|500|||||||\u00bb header_text_align=\u00bbcenter\u00bb header_text_color=\u00bb#727272&#8243; text_orientation=\u00bbcenter\u00bb custom_padding=\u00bb||0px|||\u00bb border_color_all_image=\u00bb#727272&#8243; global_colors_info=\u00bb{}\u00bb]<\/p>\n<h1><\/h1>\n<p>[\/et_pb_blurb][\/et_pb_column][\/et_pb_row][\/et_pb_section]<\/p>\n","protected":false},"excerpt":{"rendered":"","protected":false},"author":2,"featured_media":0,"parent":0,"menu_order":0,"comment_status":"closed","ping_status":"closed","template":"","meta":{"_et_pb_use_builder":"on","_et_pb_old_content":"","_et_gb_content_width":"","footnotes":""},"class_list":["post-798","page","type-page","status-publish","hentry"],"_links":{"self":[{"href":"https:\/\/alfonsogiron.com\/index.php\/wp-json\/wp\/v2\/pages\/798","targetHints":{"allow":["GET"]}}],"collection":[{"href":"https:\/\/alfonsogiron.com\/index.php\/wp-json\/wp\/v2\/pages"}],"about":[{"href":"https:\/\/alfonsogiron.com\/index.php\/wp-json\/wp\/v2\/types\/page"}],"author":[{"embeddable":true,"href":"https:\/\/alfonsogiron.com\/index.php\/wp-json\/wp\/v2\/users\/2"}],"replies":[{"embeddable":true,"href":"https:\/\/alfonsogiron.com\/index.php\/wp-json\/wp\/v2\/comments?post=798"}],"version-history":[{"count":15,"href":"https:\/\/alfonsogiron.com\/index.php\/wp-json\/wp\/v2\/pages\/798\/revisions"}],"predecessor-version":[{"id":1643,"href":"https:\/\/alfonsogiron.com\/index.php\/wp-json\/wp\/v2\/pages\/798\/revisions\/1643"}],"wp:attachment":[{"href":"https:\/\/alfonsogiron.com\/index.php\/wp-json\/wp\/v2\/media?parent=798"}],"curies":[{"name":"wp","href":"https:\/\/api.w.org\/{rel}","templated":true}]}}