{"id":350,"date":"2025-02-07T12:53:08","date_gmt":"2025-02-07T11:53:08","guid":{"rendered":"https:\/?page_id=350"},"modified":"2025-05-28T22:47:33","modified_gmt":"2025-05-28T21:47:33","slug":"inicio","status":"publish","type":"page","link":"https:\/\/alfonsogiron.com\/","title":{"rendered":"Inicio"},"content":{"rendered":"<p>[et_pb_section fb_built=\u00bb1&#8243; _builder_version=\u00bb4.27.4&#8243; _module_preset=\u00bbdefault\u00bb custom_margin=\u00bb||||false|false\u00bb custom_padding=\u00bb0px||10px||false|false\u00bb global_colors_info=\u00bb{}\u00bb][et_pb_row column_structure=\u00bb1_3,2_3&#8243; use_custom_gutter=\u00bbon\u00bb gutter_width=\u00bb1&#8243; make_equal=\u00bbon\u00bb _builder_version=\u00bb4.27.4&#8243; _module_preset=\u00bbdefault\u00bb width=\u00bb100%\u00bb max_width=\u00bb100%\u00bb height=\u00bb450px\u00bb height_tablet=\u00bb470px\u00bb height_phone=\u00bb314px\u00bb height_last_edited=\u00bbon|phone\u00bb max_height_tablet=\u00bb454px\u00bb max_height_phone=\u00bb454px\u00bb max_height_last_edited=\u00bbon|desktop\u00bb custom_margin=\u00bb||0px||false|false\u00bb custom_margin_tablet=\u00bb||0px||false|false\u00bb custom_margin_phone=\u00bb||-13px||false|false\u00bb custom_margin_last_edited=\u00bbon|desktop\u00bb custom_padding=\u00bb0px|0px|0px||false|false\u00bb global_colors_info=\u00bb{}\u00bb][et_pb_column type=\u00bb1_3&#8243; _builder_version=\u00bb4.27.4&#8243; _module_preset=\u00bbdefault\u00bb background_color=\u00bbgcid-3bd9718c-727c-431a-b565-ce952df83509&#8243; custom_padding=\u00bb37px|40px||40px|false|false\u00bb custom_padding_tablet=\u00bb50px|0px|28px|80px|false|false\u00bb custom_padding_phone=\u00bb|||38px|false|false\u00bb custom_padding_last_edited=\u00bbon|phone\u00bb global_colors_info=\u00bb{%22gcid-3bd9718c-727c-431a-b565-ce952df83509%22:%91%22background_color%22%93}\u00bb][et_pb_image src=\u00bbhttps:\/\/alfonsogiron.com\/wp-content\/uploads\/2025\/01\/LOGO-WEB-estudio_TRANSP.png\u00bb title_text=\u00bbLOGO WEB estudio_TRANSP\u00bb show_bottom_space=\u00bboff\u00bb _builder_version=\u00bb4.27.4&#8243; _module_preset=\u00bbdefault\u00bb width=\u00bb200px\u00bb width_tablet=\u00bb317px\u00bb width_phone=\u00bb317px\u00bb width_last_edited=\u00bbon|phone\u00bb max_width=\u00bb146%\u00bb max_width_tablet=\u00bb146%\u00bb max_width_phone=\u00bb35%\u00bb max_width_last_edited=\u00bbon|phone\u00bb custom_margin=\u00bb-24px||8px||false|false\u00bb custom_padding=\u00bb||||false|false\u00bb global_colors_info=\u00bb{}\u00bb width__hover_enabled=\u00bboff|desktop\u00bb][\/et_pb_image][et_pb_heading title=\u00bbARQUITECTURA \/\u00bb _builder_version=\u00bb4.27.4&#8243; _module_preset=\u00bbdefault\u00bb title_font=\u00bbOswald|||on|||||\u00bb title_text_align=\u00bbright\u00bb title_text_color=\u00bbgcid-3e279583-843c-4850-ba01-f417812ac450&#8243; title_font_size=\u00bb31px\u00bb title_letter_spacing=\u00bb-1px\u00bb custom_margin=\u00bb-5px|42px|-22px|||\u00bb custom_padding=\u00bb11px||2px||false|false\u00bb custom_padding_tablet=\u00bb26px||||false|false\u00bb custom_padding_phone=\u00bb10px||||false|false\u00bb custom_padding_last_edited=\u00bbon|phone\u00bb global_colors_info=\u00bb{%22gcid-3e279583-843c-4850-ba01-f417812ac450%22:%91%22title_text_color%22%93}\u00bb][\/et_pb_heading][et_pb_heading title=\u00bbILUSTRACI\u00d3N \/\u00bb _builder_version=\u00bb4.27.4&#8243; _module_preset=\u00bbdefault\u00bb title_font=\u00bbOswald|||on|||||\u00bb title_text_align=\u00bbright\u00bb title_text_color=\u00bbgcid-3e279583-843c-4850-ba01-f417812ac450&#8243; title_font_size=\u00bb31px\u00bb title_letter_spacing=\u00bb-1px\u00bb width=\u00bb93.7%\u00bb custom_margin=\u00bb9px||-32px|||\u00bb custom_padding=\u00bb21px|4px|2px||false|false\u00bb custom_padding_tablet=\u00bb26px||||false|false\u00bb custom_padding_phone=\u00bb10px||||false|false\u00bb custom_padding_last_edited=\u00bbon|phone\u00bb global_colors_info=\u00bb{%22gcid-3e279583-843c-4850-ba01-f417812ac450%22:%91%22title_text_color%22%93}\u00bb][\/et_pb_heading][et_pb_heading title=\u00bbDISE\u00d1O \/\u00bb _builder_version=\u00bb4.27.4&#8243; _module_preset=\u00bbdefault\u00bb title_font=\u00bbOswald|||on|||||\u00bb title_text_align=\u00bbright\u00bb title_text_color=\u00bbgcid-3e279583-843c-4850-ba01-f417812ac450&#8243; title_font_size=\u00bb31px\u00bb title_letter_spacing=\u00bb-1px\u00bb width=\u00bb94.3%\u00bb custom_margin=\u00bb14px||-28px|||\u00bb custom_padding=\u00bb21px||2px||false|false\u00bb custom_padding_tablet=\u00bb26px||||false|false\u00bb custom_padding_phone=\u00bb10px||||false|false\u00bb custom_padding_last_edited=\u00bbon|phone\u00bb global_colors_info=\u00bb{%22gcid-3e279583-843c-4850-ba01-f417812ac450%22:%91%22title_text_color%22%93}\u00bb][\/et_pb_heading][et_pb_heading title=\u00bbARTES PL\u00c1STICAS \/\u00bb _builder_version=\u00bb4.27.4&#8243; _module_preset=\u00bbdefault\u00bb title_font=\u00bbOswald|||on|||||\u00bb title_text_align=\u00bbright\u00bb title_text_color=\u00bbgcid-3e279583-843c-4850-ba01-f417812ac450&#8243; title_font_size=\u00bb31px\u00bb title_letter_spacing=\u00bb-1px\u00bb custom_margin=\u00bb26px|34px||||\u00bb custom_padding=\u00bb13px||2px||false|false\u00bb custom_padding_tablet=\u00bb26px||||false|false\u00bb custom_padding_phone=\u00bb10px||||false|false\u00bb custom_padding_last_edited=\u00bbon|phone\u00bb global_colors_info=\u00bb{%22gcid-3e279583-843c-4850-ba01-f417812ac450%22:%91%22title_text_color%22%93}\u00bb][\/et_pb_heading][\/et_pb_column][et_pb_column type=\u00bb2_3&#8243; _builder_version=\u00bb4.27.0&#8243; _module_preset=\u00bbdefault\u00bb global_colors_info=\u00bb{}\u00bb][et_pb_slider use_text_overlay=\u00bbon\u00bb arrows_custom_color=\u00bb#FFFFFF\u00bb dot_nav_custom_color=\u00bb#FFFFFF\u00bb _builder_version=\u00bb4.27.4&#8243; _module_preset=\u00bbdefault\u00bb background_enable_image=\u00bboff\u00bb height=\u00bb450px\u00bb custom_margin=\u00bb||-7px||false|false\u00bb animation_style=\u00bbslide\u00bb animation_direction=\u00bbright\u00bb animation_duration=\u00bb0ms\u00bb animation_starting_opacity=\u00bb100%\u00bb animation_speed_curve=\u00bbease-out\u00bb animation_repeat=\u00bbloop\u00bb auto=\u00bbon\u00bb auto_speed=\u00bb2700&#8243; hover_enabled=\u00bb0&#8243; global_colors_info=\u00bb{}\u00bb sticky_enabled=\u00bb0&#8243;][et_pb_slide use_text_overlay=\u00bboff\u00bb _builder_version=\u00bb4.27.4&#8243; _module_preset=\u00bbdefault\u00bb background_color=\u00bbRGBA(255,255,255,0)\u00bb background_enable_color=\u00bbon\u00bb background_image=\u00bbhttp:\/\/alfonsogiron.com\/wp-content\/uploads\/2025\/03\/MT_BEACH-TOYS-BOAT-067LIGHTHOUSE.jpg\u00bb background_enable_image=\u00bbon\u00bb width=\u00bb100%\u00bb max_width=\u00bb100%\u00bb custom_padding=\u00bb||||false|false\u00bb global_colors_info=\u00bb{}\u00bb sticky_transition=\u00bbon\u00bb][\/et_pb_slide][et_pb_slide use_bg_overlay=\u00bboff\u00bb use_text_overlay=\u00bboff\u00bb _builder_version=\u00bb4.27.4&#8243; _module_preset=\u00bbdefault\u00bb background_color=\u00bbRGBA(255,255,255,0)\u00bb background_enable_color=\u00bbon\u00bb background_image=\u00bbhttps:\/\/alfonsogiron.com\/wp-content\/uploads\/2024\/09\/FOTO_SLIDER_ESTUDIO-01.jpg\u00bb background_enable_image=\u00bbon\u00bb width=\u00bb100%\u00bb max_width=\u00bb100%\u00bb custom_padding=\u00bb||||false|false\u00bb global_colors_info=\u00bb{}\u00bb sticky_transition=\u00bbon\u00bb][\/et_pb_slide][et_pb_slide use_bg_overlay=\u00bboff\u00bb use_text_overlay=\u00bboff\u00bb _builder_version=\u00bb4.27.4&#8243; _module_preset=\u00bbdefault\u00bb background_color=\u00bbRGBA(255,255,255,0)\u00bb background_enable_color=\u00bbon\u00bb background_image=\u00bbhttps:\/\/alfonsogiron.com\/wp-content\/uploads\/2025\/02\/MT_BC-01.jpg\u00bb background_enable_image=\u00bbon\u00bb width=\u00bb100%\u00bb max_width=\u00bb100%\u00bb custom_padding=\u00bb||||false|false\u00bb global_colors_info=\u00bb{}\u00bb sticky_transition=\u00bbon\u00bb][\/et_pb_slide][et_pb_slide use_bg_overlay=\u00bboff\u00bb use_text_overlay=\u00bboff\u00bb _builder_version=\u00bb4.27.4&#8243; _module_preset=\u00bbdefault\u00bb background_color=\u00bbRGBA(255,255,255,0)\u00bb background_enable_color=\u00bbon\u00bb background_image=\u00bbhttps:\/\/alfonsogiron.com\/wp-content\/uploads\/2025\/02\/GR-SLIDER_JARDIN-GRAFICO-04.jpg\u00bb background_enable_image=\u00bbon\u00bb width=\u00bb100%\u00bb max_width=\u00bb100%\u00bb custom_padding=\u00bb||||false|false\u00bb global_colors_info=\u00bb{}\u00bb sticky_transition=\u00bbon\u00bb][\/et_pb_slide][et_pb_slide use_text_overlay=\u00bboff\u00bb _builder_version=\u00bb4.27.0&#8243; _module_preset=\u00bbdefault\u00bb background_color=\u00bbRGBA(255,255,255,0)\u00bb background_enable_color=\u00bbon\u00bb background_image=\u00bbhttps:\/\/alfonsogiron.com\/wp-content\/uploads\/2024\/09\/FOTO_SLIDER_ESTUDIO-02.jpg\u00bb background_enable_image=\u00bbon\u00bb width=\u00bb100%\u00bb max_width=\u00bb100%\u00bb custom_padding=\u00bb||||false|false\u00bb global_colors_info=\u00bb{}\u00bb sticky_transition=\u00bbon\u00bb][\/et_pb_slide][et_pb_slide use_text_overlay=\u00bboff\u00bb _builder_version=\u00bb4.27.0&#8243; _module_preset=\u00bbdefault\u00bb background_color=\u00bbRGBA(255,255,255,0)\u00bb background_enable_color=\u00bbon\u00bb background_image=\u00bbhttps:\/\/alfonsogiron.com\/wp-content\/uploads\/2024\/09\/FOTO_SLIDER_ETF-01.jpg\u00bb background_enable_image=\u00bbon\u00bb width=\u00bb100%\u00bb max_width=\u00bb100%\u00bb custom_padding=\u00bb||||false|false\u00bb global_colors_info=\u00bb{}\u00bb sticky_transition=\u00bbon\u00bb][\/et_pb_slide][et_pb_slide use_text_overlay=\u00bboff\u00bb _builder_version=\u00bb4.27.0&#8243; _module_preset=\u00bbdefault\u00bb background_color=\u00bbRGBA(255,255,255,0)\u00bb background_enable_color=\u00bbon\u00bb background_image=\u00bbhttps:\/\/alfonsogiron.com\/wp-content\/uploads\/2024\/09\/FOTO_SLIDER_ETF-02.jpg\u00bb background_enable_image=\u00bbon\u00bb width=\u00bb100%\u00bb max_width=\u00bb100%\u00bb custom_padding=\u00bb||||false|false\u00bb global_colors_info=\u00bb{}\u00bb sticky_transition=\u00bbon\u00bb][\/et_pb_slide][et_pb_slide use_text_overlay=\u00bboff\u00bb _builder_version=\u00bb4.27.0&#8243; _module_preset=\u00bbdefault\u00bb background_color=\u00bbRGBA(255,255,255,0)\u00bb background_enable_color=\u00bbon\u00bb background_image=\u00bbhttps:\/\/alfonsogiron.com\/wp-content\/uploads\/2024\/09\/FOTO_SLIDER_GR-01.jpg\u00bb background_enable_image=\u00bbon\u00bb width=\u00bb100%\u00bb max_width=\u00bb100%\u00bb custom_padding=\u00bb||||false|false\u00bb global_colors_info=\u00bb{}\u00bb sticky_transition=\u00bbon\u00bb][\/et_pb_slide][et_pb_slide use_text_overlay=\u00bboff\u00bb _builder_version=\u00bb4.27.4&#8243; _module_preset=\u00bbdefault\u00bb background_color=\u00bbRGBA(255,255,255,0)\u00bb background_enable_color=\u00bbon\u00bb background_image=\u00bbhttp:\/\/alfonsogiron.com\/wp-content\/uploads\/2025\/03\/MT_MCS_M64.jpg\u00bb background_enable_image=\u00bbon\u00bb width=\u00bb100%\u00bb max_width=\u00bb100%\u00bb custom_padding=\u00bb||||false|false\u00bb global_colors_info=\u00bb{}\u00bb sticky_transition=\u00bbon\u00bb][\/et_pb_slide][et_pb_slide use_text_overlay=\u00bboff\u00bb _builder_version=\u00bb4.27.4&#8243; _module_preset=\u00bbdefault\u00bb background_color=\u00bbRGBA(255,255,255,0)\u00bb background_enable_color=\u00bbon\u00bb background_image=\u00bbhttp:\/\/alfonsogiron.com\/wp-content\/uploads\/2025\/03\/ZOOM-ETF_CV_24-A_1009.jpg\u00bb background_enable_image=\u00bbon\u00bb width=\u00bb100%\u00bb max_width=\u00bb100%\u00bb custom_padding=\u00bb||||false|false\u00bb global_colors_info=\u00bb{}\u00bb sticky_transition=\u00bbon\u00bb][\/et_pb_slide][et_pb_slide use_text_overlay=\u00bboff\u00bb _builder_version=\u00bb4.27.4&#8243; _module_preset=\u00bbdefault\u00bb background_color=\u00bbRGBA(255,255,255,0)\u00bb background_enable_color=\u00bbon\u00bb background_image=\u00bbhttps:\/\/alfonsogiron.com\/wp-content\/uploads\/2024\/09\/FOTO_SLIDER_GR-03.jpg\u00bb background_enable_image=\u00bbon\u00bb width=\u00bb100%\u00bb max_width=\u00bb100%\u00bb custom_padding=\u00bb||||false|false\u00bb global_colors_info=\u00bb{}\u00bb sticky_transition=\u00bbon\u00bb][\/et_pb_slide][et_pb_slide use_text_overlay=\u00bboff\u00bb _builder_version=\u00bb4.27.4&#8243; _module_preset=\u00bbdefault\u00bb background_color=\u00bbRGBA(255,255,255,0)\u00bb background_enable_color=\u00bbon\u00bb background_image=\u00bbhttp:\/\/alfonsogiron.com\/wp-content\/uploads\/2025\/03\/MT_MLS_03-EBS.jpg\u00bb background_enable_image=\u00bbon\u00bb width=\u00bb100%\u00bb max_width=\u00bb100%\u00bb custom_padding=\u00bb||||false|false\u00bb global_colors_info=\u00bb{}\u00bb sticky_transition=\u00bbon\u00bb][\/et_pb_slide][et_pb_slide use_text_overlay=\u00bboff\u00bb _builder_version=\u00bb4.27.0&#8243; _module_preset=\u00bbdefault\u00bb background_color=\u00bbRGBA(255,255,255,0)\u00bb background_enable_color=\u00bbon\u00bb background_image=\u00bbhttps:\/\/alfonsogiron.com\/wp-content\/uploads\/2024\/09\/FOTO_SLIDER_GR-04.jpg\u00bb background_enable_image=\u00bbon\u00bb width=\u00bb100%\u00bb max_width=\u00bb100%\u00bb custom_padding=\u00bb||||false|false\u00bb global_colors_info=\u00bb{}\u00bb sticky_transition=\u00bbon\u00bb][\/et_pb_slide][et_pb_slide use_text_overlay=\u00bboff\u00bb _builder_version=\u00bb4.27.0&#8243; _module_preset=\u00bbdefault\u00bb background_color=\u00bbRGBA(255,255,255,0)\u00bb background_enable_color=\u00bbon\u00bb background_image=\u00bbhttps:\/\/alfonsogiron.com\/wp-content\/uploads\/2024\/09\/FOTO_SLIDER_GR-05.jpg\u00bb background_enable_image=\u00bbon\u00bb width=\u00bb100%\u00bb max_width=\u00bb100%\u00bb custom_padding=\u00bb||||false|false\u00bb global_colors_info=\u00bb{}\u00bb sticky_transition=\u00bbon\u00bb][\/et_pb_slide][et_pb_slide use_text_overlay=\u00bboff\u00bb _builder_version=\u00bb4.27.4&#8243; _module_preset=\u00bbdefault\u00bb background_color=\u00bbRGBA(255,255,255,0)\u00bb background_enable_color=\u00bbon\u00bb background_image=\u00bbhttp:\/\/alfonsogiron.com\/wp-content\/uploads\/2025\/03\/MT_MCS_MULTI-CAR-SYSTEM-LIMITED-EDITION-01.jpg\u00bb background_enable_image=\u00bbon\u00bb width=\u00bb100%\u00bb max_width=\u00bb100%\u00bb custom_padding=\u00bb||||false|false\u00bb global_colors_info=\u00bb{}\u00bb sticky_transition=\u00bbon\u00bb][\/et_pb_slide][et_pb_slide use_text_overlay=\u00bboff\u00bb _builder_version=\u00bb4.27.4&#8243; _module_preset=\u00bbdefault\u00bb background_color=\u00bbRGBA(255,255,255,0)\u00bb background_enable_color=\u00bbon\u00bb background_image=\u00bbhttp:\/\/alfonsogiron.com\/wp-content\/uploads\/2025\/03\/Alfonso-Giron-Estudio_GR_EP-NECROMANTICO-cuchillo-CAROLINA-DURANTE.jpg\u00bb background_enable_image=\u00bbon\u00bb width=\u00bb100%\u00bb max_width=\u00bb100%\u00bb custom_padding=\u00bb||||false|false\u00bb global_colors_info=\u00bb{}\u00bb sticky_transition=\u00bbon\u00bb][\/et_pb_slide][et_pb_slide use_text_overlay=\u00bboff\u00bb _builder_version=\u00bb4.27.4&#8243; _module_preset=\u00bbdefault\u00bb background_color=\u00bbRGBA(255,255,255,0)\u00bb background_enable_color=\u00bbon\u00bb background_image=\u00bbhttp:\/\/alfonsogiron.com\/wp-content\/uploads\/2025\/03\/GR-BALBINA-BRUNIA_ESQUEMA-LOGO-03.jpg\u00bb background_enable_image=\u00bbon\u00bb width=\u00bb100%\u00bb max_width=\u00bb100%\u00bb custom_padding=\u00bb||||false|false\u00bb global_colors_info=\u00bb{}\u00bb sticky_transition=\u00bbon\u00bb][\/et_pb_slide][et_pb_slide use_text_overlay=\u00bboff\u00bb _builder_version=\u00bb4.27.4&#8243; _module_preset=\u00bbdefault\u00bb background_color=\u00bbRGBA(255,255,255,0)\u00bb background_enable_color=\u00bbon\u00bb background_image=\u00bbhttp:\/\/alfonsogiron.com\/wp-content\/uploads\/2025\/03\/MT_BC-VW-CAMPER-VAN-RED_MLS-BOARD.jpg\u00bb background_enable_image=\u00bbon\u00bb width=\u00bb100%\u00bb max_width=\u00bb100%\u00bb custom_padding=\u00bb||||false|false\u00bb global_colors_info=\u00bb{}\u00bb sticky_transition=\u00bbon\u00bb][\/et_pb_slide][et_pb_slide use_text_overlay=\u00bboff\u00bb _builder_version=\u00bb4.27.4&#8243; _module_preset=\u00bbdefault\u00bb background_color=\u00bbRGBA(255,255,255,0)\u00bb background_enable_color=\u00bbon\u00bb background_image=\u00bbhttp:\/\/alfonsogiron.com\/wp-content\/uploads\/2025\/03\/MT_BEACH-TOYS-REGATA.jpg\u00bb background_enable_image=\u00bbon\u00bb width=\u00bb100%\u00bb max_width=\u00bb100%\u00bb custom_padding=\u00bb||||false|false\u00bb global_colors_info=\u00bb{}\u00bb sticky_transition=\u00bbon\u00bb][\/et_pb_slide][et_pb_slide use_text_overlay=\u00bboff\u00bb _builder_version=\u00bb4.27.4&#8243; _module_preset=\u00bbdefault\u00bb background_color=\u00bbRGBA(255,255,255,0)\u00bb background_enable_color=\u00bbon\u00bb background_image=\u00bbhttp:\/\/alfonsogiron.com\/wp-content\/uploads\/2025\/03\/MURAL-TASCA-MAHON-01-1.jpg\u00bb background_enable_image=\u00bbon\u00bb width=\u00bb100%\u00bb max_width=\u00bb100%\u00bb custom_padding=\u00bb||||false|false\u00bb global_colors_info=\u00bb{}\u00bb sticky_transition=\u00bbon\u00bb][\/et_pb_slide][et_pb_slide use_text_overlay=\u00bboff\u00bb _builder_version=\u00bb4.27.4&#8243; _module_preset=\u00bbdefault\u00bb background_color=\u00bbRGBA(255,255,255,0)\u00bb background_enable_color=\u00bbon\u00bb background_image=\u00bbhttp:\/\/alfonsogiron.com\/wp-content\/uploads\/2025\/03\/GR-MUTIK_ESQUEMA-LOGO-02.jpg\u00bb background_enable_image=\u00bbon\u00bb width=\u00bb100%\u00bb max_width=\u00bb100%\u00bb custom_padding=\u00bb||||false|false\u00bb global_colors_info=\u00bb{}\u00bb sticky_transition=\u00bbon\u00bb][\/et_pb_slide][et_pb_slide use_text_overlay=\u00bboff\u00bb _builder_version=\u00bb4.27.4&#8243; _module_preset=\u00bbdefault\u00bb background_color=\u00bbRGBA(255,255,255,0)\u00bb background_enable_color=\u00bbon\u00bb background_image=\u00bbhttp:\/\/alfonsogiron.com\/wp-content\/uploads\/2025\/03\/ETF_DRAWINGS_03.jpg\u00bb background_enable_image=\u00bbon\u00bb width=\u00bb100%\u00bb max_width=\u00bb100%\u00bb custom_padding=\u00bb||||false|false\u00bb global_colors_info=\u00bb{}\u00bb sticky_transition=\u00bbon\u00bb][\/et_pb_slide][et_pb_slide use_text_overlay=\u00bboff\u00bb _builder_version=\u00bb4.27.4&#8243; _module_preset=\u00bbdefault\u00bb background_color=\u00bbRGBA(255,255,255,0)\u00bb background_enable_color=\u00bbon\u00bb background_image=\u00bbhttp:\/\/alfonsogiron.com\/wp-content\/uploads\/2025\/05\/Alfonso-Giron-Estudio_ETF_STONES_DER-COLOR-SERIES-ZOOM.jpg\u00bb background_enable_image=\u00bbon\u00bb width=\u00bb100%\u00bb max_width=\u00bb100%\u00bb custom_padding=\u00bb||||false|false\u00bb hover_enabled=\u00bb0&#8243; global_colors_info=\u00bb{}\u00bb sticky_transition=\u00bbon\u00bb title_text=\u00bbAlfonso Gir\u00f3n Estudio_ETF_STONES_DER COLOR SERIES ZOOM\u00bb sticky_enabled=\u00bb0&#8243;][\/et_pb_slide][\/et_pb_slider][\/et_pb_column][\/et_pb_row][\/et_pb_section][et_pb_section fb_built=\u00bb1&#8243; _builder_version=\u00bb4.27.4&#8243; _module_preset=\u00bbdefault\u00bb width=\u00bb100%\u00bb custom_padding=\u00bb11px|||||\u00bb global_colors_info=\u00bb{}\u00bb][et_pb_row column_structure=\u00bb1_4,1_4,1_4,1_4&#8243; _builder_version=\u00bb4.27.0&#8243; _module_preset=\u00bbdefault\u00bb width=\u00bb100%\u00bb max_width=\u00bb90%\u00bb custom_margin=\u00bb4px|auto||auto|false|false\u00bb custom_padding=\u00bb||17px|||\u00bb global_colors_info=\u00bb{}\u00bb][et_pb_column type=\u00bb1_4&#8243; _builder_version=\u00bb4.27.0&#8243; _module_preset=\u00bbdefault\u00bb custom_padding=\u00bb5px|5px|5px|5px|false|false\u00bb box_shadow_style=\u00bbpreset1&#8243; global_colors_info=\u00bb{}\u00bb][et_pb_image src=\u00bbhttps:\/\/alfonsogiron.com\/wp-content\/uploads\/2024\/09\/LOGO-ESTUDIO-ALFONSO-GIRON.jpg\u00bb title_text=\u00bbLOGO ESTUDIO ALFONSO GIRO\u0301N\u00bb url=\u00bbhttps:\/\/alfonsogiron.com\/index.php\/798-2\/\u00bb align=\u00bbcenter\u00bb _builder_version=\u00bb4.27.4&#8243; _module_preset=\u00bbdefault\u00bb height=\u00bb270px\u00bb max_height=\u00bb270px\u00bb global_colors_info=\u00bb{}\u00bb][\/et_pb_image][et_pb_text _builder_version=\u00bb4.27.4&#8243; _module_preset=\u00bb0e57d6cc-07c3-4b8b-99c0-0ec9317e7feb\u00bb text_orientation=\u00bbcenter\u00bb min_height=\u00bb293px\u00bb custom_margin=\u00bb||-3px|||\u00bb link_option_url=\u00bbhttps:\/\/www.alfonsogiron.com\/index.php\/798-2\/\u00bb global_colors_info=\u00bb{}\u00bb]<\/p>\n<p>ARQUITECTURA Y ESPACIOS<\/p>\n<p>VISUALIZACI\u00d3N<\/p>\n<p>DISE\u00d1O DE OBJETO<\/p>\n<p>ESCENOGRAF\u00cdA Y MUSEOGRAF\u00cdA<\/p>\n<p>INSTALACIONES EF\u00cdMERAS<\/p>\n<p>&nbsp;<\/p>\n<p>[\/et_pb_text][\/et_pb_column][et_pb_column type=\u00bb1_4&#8243; _builder_version=\u00bb4.27.0&#8243; _module_preset=\u00bbdefault\u00bb custom_padding=\u00bb5px|5px|5px|5px|false|false\u00bb box_shadow_style=\u00bbpreset1&#8243; global_colors_info=\u00bb{}\u00bb][et_pb_image src=\u00bbhttps:\/\/alfonsogiron.com\/wp-content\/uploads\/2024\/09\/LOGO-GR.jpg\u00bb title_text=\u00bbLOGO GR\u00bb url=\u00bbhttps:\/index.php\/gr\/\u00bb align=\u00bbcenter\u00bb _builder_version=\u00bb4.27.4&#8243; _module_preset=\u00bbdefault\u00bb min_height=\u00bb100px\u00bb height=\u00bb270px\u00bb global_colors_info=\u00bb{}\u00bb][\/et_pb_image][et_pb_text _builder_version=\u00bb4.27.4&#8243; _module_preset=\u00bb0e57d6cc-07c3-4b8b-99c0-0ec9317e7feb\u00bb text_orientation=\u00bbcenter\u00bb custom_margin=\u00bb||28px|||\u00bb link_option_url=\u00bbhttps:\/index.php\/gr\/\u00bb global_colors_info=\u00bb{}\u00bb]<\/p>\n<p>ILUSTRACI\u00d3N<\/p>\n<p>MURALES<\/p>\n<p>LOGOS<\/p>\n<p>IMAGEN DE MARCA<\/p>\n<p>VISUAL THINKING<\/p>\n<p>&nbsp;<\/p>\n<p>[\/et_pb_text][\/et_pb_column][et_pb_column type=\u00bb1_4&#8243; _builder_version=\u00bb4.27.0&#8243; _module_preset=\u00bbdefault\u00bb custom_padding=\u00bb5px|5px|5px|5px|false|true\u00bb box_shadow_style=\u00bbpreset1&#8243; global_colors_info=\u00bb{}\u00bb][et_pb_image src=\u00bbhttps:\/\/alfonsogiron.com\/wp-content\/uploads\/2024\/09\/LOGO-MARTIN-TOYS-UHF.jpg\u00bb title_text=\u00bbLOGO MARTIN TOYS UHF\u00bb url=\u00bbhttps:\/index.php\/martin-toys\/\u00bb align=\u00bbcenter\u00bb _builder_version=\u00bb4.27.4&#8243; _module_preset=\u00bbdefault\u00bb height=\u00bb270px\u00bb global_colors_info=\u00bb{}\u00bb][\/et_pb_image][et_pb_text _builder_version=\u00bb4.27.4&#8243; _module_preset=\u00bb0e57d6cc-07c3-4b8b-99c0-0ec9317e7feb\u00bb text_orientation=\u00bbcenter\u00bb custom_margin=\u00bb||-23px|||\u00bb link_option_url=\u00bbhttps:\/index.php\/martin-toys\/\u00bb global_colors_info=\u00bb{}\u00bb]<\/p>\n<p>FACTOR\u00cdA CASERA DE OBJETOS<\/p>\n<p>Y SISTEMAS DE JUEGO<\/p>\n<p>PARA TODAS LA EDADES<\/p>\n<p>PIEZAS \u00daNICAS REALIZADAS A MANO<\/p>\n<p>REUTILIZANDO MATERIALES Y COMPONENTES<\/p>\n<p>&nbsp;<\/p>\n<p style=\"padding-left: 80px;\">[\/et_pb_text][\/et_pb_column][et_pb_column type=\u00bb1_4&#8243; _builder_version=\u00bb4.27.0&#8243; _module_preset=\u00bbdefault\u00bb custom_padding=\u00bb5px|5px|5px|5px|true|true\u00bb box_shadow_style=\u00bbpreset1&#8243; global_colors_info=\u00bb{}\u00bb][et_pb_image src=\u00bbhttps:\/\/alfonsogiron.com\/wp-content\/uploads\/2024\/09\/LOGO-ETF.jpg\u00bb title_text=\u00bbLOGO ETF\u00bb url=\u00bbhttps:\/index.php\/etf\/\u00bb align=\u00bbcenter\u00bb _builder_version=\u00bb4.27.4&#8243; _module_preset=\u00bbdefault\u00bb height=\u00bb270px\u00bb global_colors_info=\u00bb{}\u00bb][\/et_pb_image][et_pb_text _builder_version=\u00bb4.27.4&#8243; _module_preset=\u00bb0e57d6cc-07c3-4b8b-99c0-0ec9317e7feb\u00bb text_orientation=\u00bbcenter\u00bb min_height=\u00bb296px\u00bb custom_margin=\u00bb||-2px|||\u00bb link_option_url=\u00bbhttps:\/index.php\/etf\/\u00bb global_colors_info=\u00bb{}\u00bb]<\/p>\n<p>ARTES PL\u00c1STICAS<\/p>\n<p>OBRA ORIGINAL<\/p>\n<p>SERIES LIMITADAS<\/p>\n<p>EXPOSICIONES<\/p>\n<p>COLABORACIONES<\/p>\n<p>&nbsp;<\/p>\n<p>[\/et_pb_text][\/et_pb_column][\/et_pb_row][\/et_pb_section]<\/p>\n","protected":false},"excerpt":{"rendered":"<p>ARQUITECTURA Y ESPACIOS VISUALIZACI\u00d3N DISE\u00d1O DE OBJETO ESCENOGRAF\u00cdA Y MUSEOGRAF\u00cdA INSTALACIONES EF\u00cdMERAS &nbsp;ILUSTRACI\u00d3N MURALES LOGOS IMAGEN DE MARCA VISUAL THINKING &nbsp;FACTOR\u00cdA CASERA DE OBJETOS Y SISTEMAS DE JUEGO PARA TODAS LA EDADES PIEZAS \u00daNICAS REALIZADAS A MANO REUTILIZANDO MATERIALES Y COMPONENTES &nbsp; ARTES PL\u00c1STICAS OBRA ORIGINAL SERIES LIMITADAS EXPOSICIONES COLABORACIONES &nbsp;<\/p>\n","protected":false},"author":1,"featured_media":0,"parent":0,"menu_order":0,"comment_status":"closed","ping_status":"closed","template":"","meta":{"_et_pb_use_builder":"on","_et_pb_old_content":"","_et_gb_content_width":"","footnotes":""},"class_list":["post-350","page","type-page","status-publish","hentry"],"_links":{"self":[{"href":"https:\/\/alfonsogiron.com\/index.php\/wp-json\/wp\/v2\/pages\/350","targetHints":{"allow":["GET"]}}],"collection":[{"href":"https:\/\/alfonsogiron.com\/index.php\/wp-json\/wp\/v2\/pages"}],"about":[{"href":"https:\/\/alfonsogiron.com\/index.php\/wp-json\/wp\/v2\/types\/page"}],"author":[{"embeddable":true,"href":"https:\/\/alfonsogiron.com\/index.php\/wp-json\/wp\/v2\/users\/1"}],"replies":[{"embeddable":true,"href":"https:\/\/alfonsogiron.com\/index.php\/wp-json\/wp\/v2\/comments?post=350"}],"version-history":[{"count":38,"href":"https:\/\/alfonsogiron.com\/index.php\/wp-json\/wp\/v2\/pages\/350\/revisions"}],"predecessor-version":[{"id":2091,"href":"https:\/\/alfonsogiron.com\/index.php\/wp-json\/wp\/v2\/pages\/350\/revisions\/2091"}],"wp:attachment":[{"href":"https:\/\/alfonsogiron.com\/index.php\/wp-json\/wp\/v2\/media?parent=350"}],"curies":[{"name":"wp","href":"https:\/\/api.w.org\/{rel}","templated":true}]}}